8. Let q = 309 + -316. What is the units digit of c(q)?
3
Let r = -779 - -1338. Let q = r + -117. Let s = q - 240. What is the tens digit of s?
0
Let y = -3729 - -5416. What is the tens digit of y?
8
Let u(a) = 6*a - 34. Let f be u(6). Suppose 0 = -4*z + 2*q + 3944, 3*z + f*q - 2450 = 522. What is the units digit of z?
8
Suppose -1 = -0*f + 3*f + 4*i, 2*i = -4*f + 12. Suppose -23*k = -19*k - f*x - 516, -k + 129 = 4*x. What is the hundreds digit of k?
1
What is the thousands digit of -1 + -1 + ((-240)/(-7))/(38/22344)?
0
Let c = -494 + 242. What is the tens digit of -1 + (-72180)/c + 6/(-14)?
8
Suppose 3*x - 12*h = -11*h + 6026, -h = x - 2006. Let n = x - 965. What is the tens digit of n?
4
Let b = -6511 - -15130. What is the hundreds digit of b?
6
Let x(f) be the first derivative of -183*f**2/2 - 48*f - 25. What is the hundreds digit of x(-3)?
5
Let f = -29036 - -49465. What is the tens digit of f?
2
Let g = -19 - -22. Suppose g*k + 16 = -k. What is the units digit of (7/k)/((-2)/56)?
9
Let z = -464 + 2799. What is the hundreds digit of z?
3
Let l = -4941 - -24666. What is the tens digit of l?
2
Let c = -21975 + 23016. What is the units digit of c?
1
Suppose -5170 - 6668 = -3*w - 81. What is the thousands digit of w?
3
Let j be (14 - (-928)/24)*21/2. Let l = 1007 - j. What is the tens digit of l?
5
Let m = -10008 + 14292. What is the tens digit of m?
8
Suppose -26 - 7 = 4*r + 3*x, -5*r - 4*x - 40 = 0. What is the hundreds digit of 18/r*2450/(-21)?
1
Let h = -87 - -91. Suppose 6*f - 380 = h*f. Suppose -11*t + f = -6*t. What is the tens digit of t?
3
Suppose -6*f - 2*q - 10 = -4*f, 5*f + q + 21 = 0. What is the tens digit of (17 - -1)/(f*3/(-210))?
1
Let f(u) = -2*u - 6. Let c be f(-2). Let q be (12/(-27))/(c/9). Suppose 230 = 2*k - q*r + 52, k = 3*r + 81. What is the units digit of k?
3
What is the tens digit of (-132)/72*-6*382?
0
Suppose -3*y + 23 = 2. Let j = -4 + y. Suppose j*o - 170 = o. What is the units digit of o?
5
Let r(g) = -2*g**2 - 8*g + 16. Let u be r(-5). Suppose 23 = u*n - 7. Suppose -5*o = 5 + 5, n*k - o - 252 = 0. What is the units digit of k?
0
Let p = -28407 + 52521. What is the tens digit of p?
1
Let i = 11601 + 6833. What is the units digit of i?
4
Let q be (-4)/(-8)*1*(-2 - -24). Let l = q - -474. What is the hundreds digit of l?
4
Let w(x) = 539*x**2 - 117*x - 244. What is the tens digit of w(-2)?
4
Let n(x) = x**3 + 14*x**2 + 14*x + 54. Let d be n(-18). Let s = -650 - d. What is the units digit of s?
4
Let r = -626 + 983. Suppose -2*d = -k + 118, -2*k = k - 5*d - r. What is the units digit of k?
4
Suppose 104 = 19*k - 27*k. What is the hundreds digit of (-2 + 464)/3 + (-9 - k)?
1
Let j(w) = 115*w**2 + 11*w + 228. What is the tens digit of j(-9)?
4
Suppose 4*b + 1 - 17 = 0, 5*u = -4*b + 11. Let z(n) = 5 + 1 + 7 - 14 - 24*n. What is the tens digit of z(u)?
2
Suppose -p = 7*a - 10*a - 50381, 4*p = 4*a + 201580. What is the hundreds digit of p?
4
Let q be 22/14 + (-39)/(-91). What is the tens digit of (-2)/(2674/(-6650) + q/5)?
5
Let p = 7551 + -5260. Let j = -807 + p. What is the thousands digit of j?
1
Let v = 239 - 175. Suppose -66*l + 1650 = -v*l. What is the tens digit of l?
2
Let k(c) = -c**3 + 4*c**2 + 7*c - 3. Let s be k(3). What is the tens digit of 15/3 + 7263/s?
7
Let l = 154531 - 69066. What is the thousands digit of l?
5
Let x(o) = -7*o - 43. Let c = 31 - 75. Let m = c + 23. What is the units digit of x(m)?
4
Suppose -9035 - 13673 = 7*o. Let l = -2237 - o. What is the thousands digit of l?
1
Suppose -1234*o = -1237*o + 5187. What is the tens digit of o?
2
What is the tens digit of (10 + (-235560)/(-100))/(4/10)?
1
Suppose -q + 3*a = -207, 5*a - 3*a = -2*q + 390. Let f = 384 - q. What is the hundreds digit of f?
1
Suppose 43*b + 186112 = 35*b. What is the tens digit of 7/2*b/(-56)?
5
Let w = -53549 + 76719. What is the units digit of w?
0
Suppose -7*m - 3*i - 12611 = -9*m, 0 = 3*m - 5*i - 18915. What is the hundreds digit of m?
3
Suppose 4*h = -0*h - 3*z + 494, 0 = 5*h + 2*z - 621. Let o be (16/10)/((-5)/(h/(-10))). Let i = 34 + o. What is the units digit of i?
8
Suppose 0 = -r - 575 + 573. What is the tens digit of (4692/36 + r)/(2/6)?
8
Let a = -21478 + 23752. What is the units digit of a?
4
Let n(b) = -b**2 + 15*b + 4. Let l be n(-3). Let a = l - -197. What is the units digit of a?
7
What is the tens digit of ((-1206)/(-27)*(-42)/140)/(2/(-70))?
6
Suppose 2*m = 4*v - 14, 4*m - v - 5 = -26. Let p(d) = 13 + 10 + 1 - 11*d. What is the units digit of p(m)?
9
Suppose -43*l = -41*l - 1926. Suppose -3118 - l = -7*o. What is the hundreds digit of o?
5
Let o = -119 + 117. Let p(l) = 32*l**2 + l - 3. Let a be p(o). Suppose 155 = 2*f - a. What is the hundreds digit of f?
1
What is the thousands digit of 2/7 + (-241560)/(-35)?
6
Let l be (-30)/(10/(-2)) - 1. Suppose -3*u - l*a + 1055 + 1652 = 0, 3*a = u - 879. What is the units digit of u?
4
Suppose d - 130 = -702. Let q = d + 1227. What is the units digit of q?
5
Let j(x) = -104*x + 13. Let g be j(1). What is the hundreds digit of 24/(-234)*-7197 - (-14)/g?
7
Suppose 0*l - 15 = 5*l. Let n(c) = 11*c - 29. Let k(o) = -8*o + 25. Let p(s) = -6*k(s) - 5*n(s). What is the units digit of p(l)?
6
Let i = 20855 - 13585. What is the units digit of i?
0
Suppose 0 = -5*n + 8*h + 42375, 2*n = 3*h + 13234 + 3717. What is the hundreds digit of n?
4
Let v(s) = 3*s + 5. Let a be v(3). Let y(o) = -o**3 + 14*o**2 + o - 9. Let d be y(a). Suppose -3*i - i + 39 = -5*m, d = 5*m. What is the tens digit of i?
1
Let r(j) = 11*j**2 + j**2 + 9*j**2 - j**2 - 50 + 14*j**2. What is the tens digit of r(-6)?
7
Suppose 5*i = 3*x - 1649 - 133, -2*x + 1188 = -2*i. Let s = -254 + x. What is the units digit of s?
0
Suppose -3*k - a = -276 - 222, a - 6 = 0. What is the units digit of k?
4
Let s be (-30)/(-20) + (-3)/12*-2. Suppose -4*k = -5*y - 270, 2*y + s*y - 8 = 0. What is the units digit of k?
0
What is the thousands digit of (2835 - 2)/(13 + -15 + 3)?
2
Suppose 145*t - 985557 + 64888 = 925906. What is the thousands digit of t?
2
Suppose 4*m - 11966 = -2746. Suppose m - 10 = 3*o. What is the hundreds digit of o?
7
What is the thousands digit of ((-25)/(-5) + 3 + -1 + -6)*55323?
5
Let n be ((21 + 0)/(-1))/(5/(-5)). Let m be n*(2/6 + 8/3). Let o = -35 + m. What is the tens digit of o?
2
Suppose 0 = -4*j - 2*m + 29242, -22*j + m = -23*j + 7310. What is the hundreds digit of j?
3
Let d(l) = 5*l - 4. Let o be d(2). Let x be 2/4*0 - (-18)/o. Suppose 2*t = x*s - 2*t - 476, s - 5*t - 155 = 0. What is the units digit of s?
0
Suppose -48*m = -42326 - 1738. What is the tens digit of m?
1
Suppose -10*i - 8 = -14*i. Suppose -5*m - 5 = -d, d - 4*m - 4 = -i*d. Suppose r - 1 = d, 66 = n - r - r. What is the units digit of n?
8
Suppose 2075749 + 234762 = 110*g - 1100149. What is the thousands digit of g?
1
Let a(n) = n**2 + n + 221. Let r be a(0). Suppose 3*t = 28 + r. Suppose 83 = w - t. What is the tens digit of w?
6
Suppose 3*q = -q + 20. Suppose q*l = -748 + 2303. What is the tens digit of l?
1
Let m be (4 + (-117)/(-3))*1. Let j = 237 - m. What is the units digit of j?
4
Let y be (6 + -4)*(-39)/(-2). What is the units digit of ((y - -3)*-9)/((-6)/4)?
2
What is the ten thousands digit of (2/2 - 0)/((-15593480)/(-1732605) + -9)?
4
Let y = 32 + -32. Let b be y + -4 - (-24)/8. What is the tens digit of (-33)/(-6)*(-2)/b?
1
What is the ten thousands digit of (-43)/(-2)*-16*(-78 + -82)?
5
Let b = 24 + -20. Suppose 4 + 0 = b*h, -h = -5*t - 1. Suppose t = 3*r - 6*r + 186. What is the tens digit of r?
6
Let f = 18 + -16. Suppose -v = 7 - f. Let s(p) = -p**3 - 2*p**2 + 12*p. What is the units digit of s(v)?
5
Suppose 4*d = 2*d + 40. Suppose -7611 = -d*a + 1989. What is the tens digit of a?
8
Let f = 434 + -714. Let u = f + 66. What is the tens digit of (u/(-4))/(10/20)*2?
1
Suppose 0 = 93*t - 96*t + 6. Suppose c + 3*f - 1670 = -0*f, t*f = 0. What is the hundreds digit of c?
6
Suppose -3*w = 4*j - 51070, -j + 3*w + 2594 + 10151 = 0. What is the thousands digit of j?
2
Suppose -5*w + z - 8551 = -w, 4*w - 4*z + 8536 = 0. Let c = -704 - w. What is the units digit of c?
5
Suppose 39*r = 38*r + 264. Suppose 0*x - x + r = 0. What is the units digit of x?
4
Let y(u) be the first derivative of -u**4/4 + 8*u**3/3 - 7*u**2/2 - u - 